47
List the prime factors of 94700735.
5, 18940147
What are the prime factors of 38801836?
2, 73, 83, 1601
What are the prime factors of 92285772?
2, 3, 29, 509, 521
What are the prime factors of 1770102850?
2, 5, 35402057
What are the prime factors of 1038941?
1038941
List the prime factors of 200263772.
2, 50065943
List the prime factors of 1236868962.
2, 3, 7, 29449261
What are the prime factors of 344227553?
344227553
What are the prime factors of 1513543984?
2, 101, 936599
List the prime factors of 1256402244.
2, 3, 3121, 33547
What are the prime factors of 3153924668?
2, 15031, 52457
List the prime factors of 387849369.
3, 1063, 121621
List the prime factors of 3008520586.
2, 131, 11482903
List the prime factors of 407811657.
3, 11, 17, 61, 701
What are the prime factors of 157349684?
2, 39337421
What are the prime factors of 90419313?
3, 30139771
List the prime factors of 423255585.
3, 5, 28217039
What are the prime factors of 28122309?
3, 47, 83, 89
List the prime factors of 121482287.
1277, 95131
What are the prime factors of 14993761?
167, 89783
List the prime factors of 142486461.
3, 13, 1217833
What are the prime factors of 138839766?
2, 3, 13, 173, 10289
List the prime factors of 2380222273.
11, 13, 16644911
List the prime factors of 86170294.
2, 7, 6155021
What are the prime factors of 1284527457?
3, 47575091
What are the prime factors of 7537456113?
3, 11, 41, 379, 14699
What are the prime factors of 67810369?
11, 6164579
List the prime factors of 4710880604.
2, 163, 7225277
List the prime factors of 229376093.
229376093
What are the prime factors of 953567607?
3, 4229, 75161
List the prime factors of 7535538.
2, 3, 139547
What are the prime factors of 18434343?
3, 29, 211889
List the prime factors of 3903108846.
2, 3, 7, 13, 17, 420503
What are the prime factors of 8619843?
3, 2873281
What are the prime factors of 387728287?
79, 151, 32503
List the prime factors of 1172098690.
2, 5, 7, 47, 356261
What are the prime factors of 548619887?
548619887
List the prime factors of 60139074.
2, 3, 10023179
List the prime factors of 2611982974.
2, 103, 12679529
List the prime factors of 51341101.
7, 7334443
List the prime factors of 58478604.
2, 3, 23, 211879
List the prime factors of 1228534283.
1228534283
What are the prime factors of 4371271?
107, 40853
List the prime factors of 1604856395.
5, 23, 199, 3049
List the prime factors of 1731802797.
3, 37, 140557
What are the prime factors of 143620564?
2, 193, 186037
List the prime factors of 1453469111.
17, 109, 784387
List the prime factors of 94963227.
3, 53, 597253
What are the prime factors of 54663290?
2, 5, 11, 67, 7417
List the prime factors of 20862290.
2, 5, 127, 16427
List the prime factors of 37770376.
2, 7, 96353
List the prime factors of 49051046.
2, 11, 19, 43, 2729
List the prime factors of 209175575.
5, 7, 619, 1931
List the prime factors of 5008750126.
2, 103, 2797, 8693
What are the prime factors of 1341348964?
2, 335337241
What are the prime factors of 696473004?
2, 3, 151, 384367
List the prime factors of 1098039426.
2, 3, 11, 271, 5581
List the prime factors of 227132583.
3, 75710861
What are the prime factors of 165795770?
2, 5, 7, 2368511
List the prime factors of 5922062940.
2, 3, 5, 98701049
What are the prime factors of 2916725172?
2, 3, 647, 375673
What are the prime factors of 68898761?
68898761
List the prime factors of 130906733.
130906733
List the prime factors of 307610951.
5051, 60901
What are the prime factors of 149320127?
11, 13574557
List the prime factors of 49147902.
2, 3, 2730439
What are the prime factors of 1650265011?
3, 199, 251, 3671
List the prime factors of 7689102.
2, 3, 577, 2221
List the prime factors of 5579329.
7, 269, 2963
List the prime factors of 266900291.
7, 389, 98017
What are the prime factors of 482473734?
2, 3, 53, 1517213
What are the prime factors of 214850330?
2, 5, 21485033
List the prime factors of 326697170.
2, 5, 32669717
List the prime factors of 72721010.
2, 5, 89, 101, 809
What are the prime factors of 668370085?
5, 133674017
List the prime factors of 42133335.
3, 5, 43, 65323
What are the prime factors of 9069429144?
2, 3, 17, 19, 29, 40343
List the prime factors of 705585439.
13, 54275803
What are the prime factors of 46959583?
11, 19, 23, 9769
List the prime factors of 90018322.
2, 45009161
List the prime factors of 121479997.
23, 59, 89521
What are the prime factors of 633110029?
23, 79, 348437
List the prime factors of 553611625.
5, 7, 632699
What are the prime factors of 279401649?
3, 1483, 62801
What are the prime factors of 725657261?
7, 229, 452687
What are the prime factors of 187339878?
2, 3, 11, 11681
What are the prime factors of 3220820?
2, 5, 17, 9473
List the prime factors of 394137392.
2, 11, 2239417
What are the prime factors of 61006694?
2, 7, 103, 42307
What are the prime factors of 2510138611?
2510138611
What are the prime factors of 1141395118?
2, 103, 5540753
What are the prime factors of 121152957?
3, 40384319
List the prime factors of 1320050123.
7, 4937, 38197
List the prime factors of 462222271.
7, 29, 2276957
List the prime factors of 155585269.
7, 22226467
What are the prime factors of 1431513463?
13477, 106219
What are the prime factors of 82069195?
5, 13, 359, 3517
What are the prime factors of 106273457?
67, 157, 10103
List the prime factors of 746488734.
2, 3, 17, 151, 2851
What are the prime factors of 2051242154?
2, 13, 419, 188291
What are the prime factors of 29517485?
5, 1087, 5431
List the prime factors of 3571514999.
13, 73, 1609, 2339
List the prime factors of 2790610030.
2, 5, 13, 229, 93739
List the prime factors of 159605623.
2803, 56941
What are the prime factors of 220412572?
2, 55103143
List the prime factors of 357715705.
5, 71543141
List the prime factors of 5175578804.
2, 11, 17, 6919223
What are the prime factors of 1323174888?
2, 3, 7, 401, 6547
What are the prime factors of 72937964?
2, 11, 53, 31277
List the prime factors of 93287972.
2, 3967, 5879
What are the prime factors of 42957237?
3, 61, 191, 1229
List the prime factors of 916756657.
379, 2418883
List the prime factors of 5026387221.
3, 10079, 55411
List the prime factors of 95553852.
2, 3, 409, 19469
What are the prime factors of 1475660?
2, 5, 73783
What are the prime factors of 3683226989?
13, 347, 816499
List the prime factors of 205516621.
17, 103, 117371
List the prime factors of 100743729.
3, 353, 95131
List the prime factors of 47056440.
2, 3, 5, 271, 1447
List the prime factors of 695439881.
19, 179, 204481
List the prime factors of 4242637639.
4561, 930199
List the prime factors of 116761473.
3, 419, 10321
What are the prime factors of 1062679592?
2, 13, 10218073
What are the prime factors of 2708278340?
2, 5, 135413917
What are the prime factors of 184831108?
2, 7, 11, 600101
What are the prime factors of 710821113?
3, 197, 1202743
List the prime factors of 10301862.
2, 3, 233, 7369
List the prime factors of 114563554.
2, 7, 8183111
List the prime factors of 310597795.
5, 37, 193, 8699
What are the prime factors of 41376910?
2, 5, 29, 61, 2339
What are the prime factors of 1030094785?
5, 19, 10843103
List the prime factors of 60897217.
60897217
List the prime factors of 108854942.
2, 7, 167, 46559
List the prime factors of 389543602.
2, 7, 29, 959467
List the prime factors of 442080200.
2, 5, 2210401
What are the prime factors of 97988208?
2, 3, 2041421
What are the prime factors of 157281079?
59, 2665781
What are the prime factors of 2903509103?
11, 37, 227, 2857
List the prime factors of 53142242.
2, 47, 565343
List the prime factors of 240207296.
2, 7, 107, 5011
List the prime factors of 364406487.
3, 10739, 11311
What are the prime factors of 278635034?
2, 139317517
List the prime factors of 1847312447.
1847312447
What are the prime factors of 730728760?
2, 5, 61, 299479
List the prime factors of 920502269.
2341, 393209
List the prime factors of 160015008.
2, 3, 1666823
What are the prime factors of 196801289?
196801289
What are the prime factors of 1335167?
1335167
What are the prime factors of 866643680?
2, 5, 7, 17, 23, 1979
What are the prime factors of 2277266592?
2, 3, 23721527
List the prime factors of 1105304652.
2, 3, 23, 347, 3847
List the prime factors of 4085241856.
2, 461, 432